, 7, 131
What are the prime factors of 105206?
2, 41, 1283
What are the prime factors of 44001?
3, 4889
What are the prime factors of 5026?
2, 7, 359
List the prime factors of 714.
2, 3, 7, 17
What are the prime factors of 178?
2, 89
List the prime factors of 1395.
3, 5, 31
List the prime factors of 70845.
3, 5, 4723
List the prime factors of 6538.
2, 7, 467
List the prime factors of 1923.
3, 641
List the prime factors of 62736.
2, 3, 1307
List the prime factors of 525.
3, 5, 7
List the prime factors of 10042.
2, 5021
What are the prime factors of 22843?
53, 431
What are the prime factors of 580?
2, 5, 29
List the prime factors of 28385.
5, 7, 811
List the prime factors of 240.
2, 3, 5
List the prime factors of 3699.
3, 137
What are the prime factors of 108824?
2, 61, 223
What are the prime factors of 6417?
3, 23, 31
List the prime factors of 2188.
2, 547
List the prime factors of 7922.
2, 17, 233
List the prime factors of 13322.
2, 6661
List the prime factors of 931.
7, 19
What are the prime factors of 8275?
5, 331
List the prime factors of 19671.
3, 79, 83
List the prime factors of 24335.
5, 31, 157
List the prime factors of 2136.
2, 3, 89
What are the prime factors of 6280?
2, 5, 157
List the prime factors of 3201.
3, 11, 97
What are the prime factors of 82689?
3, 43, 641
List the prime factors of 3024.
2, 3, 7
What are the prime factors of 592?
2, 37
List the prime factors of 4231.
4231
List the prime factors of 1132.
2, 283
What are the prime factors of 660?
2, 3, 5, 11
List the prime factors of 129529.
129529
List the prime factors of 159363.
3, 17707
What are the prime factors of 557?
557
List the prime factors of 1797.
3, 599
What are the prime factors of 2927?
2927
List the prime factors of 985.
5, 197
List the prime factors of 2387.
7, 11, 31
What are the prime factors of 26290?
2, 5, 11, 239
List the prime factors of 1172.
2, 293
What are the prime factors of 20706?
2, 3, 7, 17, 29
List the prime factors of 27056.
2, 19, 89
What are the prime factors of 5673?
3, 31, 61
What are the prime factors of 15502?
2, 23, 337
What are the prime factors of 65623?
137, 479
List the prime factors of 59716.
2, 14929
List the prime factors of 11.
11
What are the prime factors of 6439?
47, 137
What are the prime factors of 5397?
3, 7, 257
What are the prime factors of 5099?
5099
List the prime factors of 4310.
2, 5, 431
What are the prime factors of 9651?
3, 3217
List the prime factors of 20046.
2, 3, 13, 257
List the prime factors of 392.
2, 7
List the prime factors of 21899.
61, 359
What are the prime factors of 26?
2, 13
List the prime factors of 96.
2, 3
What are the prime factors of 1834?
2, 7, 131
What are the prime factors of 110002?
2, 55001
List the prime factors of 1330.
2, 5, 7, 19
What are the prime factors of 470?
2, 5, 47
List the prime factors of 7201.
19, 379
What are the prime factors of 166?
2, 83
List the prime factors of 960.
2, 3, 5
What are the prime factors of 1691?
19, 89
What are the prime factors of 6322?
2, 29, 109
What are the prime factors of 19681?
19681
List the prime factors of 36666.
2, 3, 7, 97
List the prime factors of 3647.
7, 521
What are the prime factors of 3631?
3631
What are the prime factors of 102506?
2, 107, 479
List the prime factors of 22237.
37, 601
List the prime factors of 2112.
2, 3, 11
List the prime factors of 3203.
3203
What are the prime factors of 21644?
2, 7, 773
List the prime factors of 21.
3, 7
List the prime factors of 2932.
2, 733
What are the prime factors of 1752?
2, 3, 73
What are the prime factors of 610?
2, 5, 61
What are the prime factors of 43924?
2, 79, 139
What are the prime factors of 1429?
1429
What are the prime factors of 2476?
2, 619
What are the prime factors of 642?
2, 3, 107
What are the prime factors of 51485?
5, 7, 1471
List the prime factors of 4376.
2, 547
List the prime factors of 80035.
5, 16007
List the prime factors of 50148.
2, 3, 7, 199
What are the prime factors of 883?
883
What are the prime factors of 23723?
7, 3389
What are the prime factors of 6877?
13, 23
List the prime factors of 72603.
3, 2689
What are the prime factors of 108464?
2, 6779
What are the prime factors of 796?
2, 199
What are the prime factors of 20239?
37, 547
List the prime factors of 1096.
2, 137
List the prime factors of 3551.
53, 67
List the prime factors of 13339.
13339
What are the prime factors of 4351?
19, 229
What are the prime factors of 2007?
3, 223
What are the prime factors of 34267?
34267
List the prime factors of 789.
3, 263
What are the prime factors of 11702?
2, 5851
What are the prime factors of 6290?
2, 5, 17, 37
List the prime factors of 384.
2, 3
What are the prime factors of 42580?
2, 5, 2129
List the prime factors of 20459.
41, 499
What are the prime factors of 5114?
2, 2557
What are the prime factors of 33976?
2, 31, 137
What are the prime factors of 4240?
2, 5, 53
What are the prime factors of 35698?
2, 13, 1373
List the prime factors of 3591.
3, 7, 19
List the prime factors of 3503.
31, 113
What are the prime factors of 10950?
2, 3, 5, 73
What are the prime factors of 16814?
2, 7, 1201
List the prime factors of 1512.
2, 3, 7
What are the prime factors of 1558?
2, 19, 41
What are the prime factors of 6400?
2, 5
List the prime factors of 11332.
2, 2833
What are the prime factors of 340?
2, 5, 17
What are the prime factors of 3415?
5, 683
List the prime factors of 6732.
2, 3, 11, 17
What are the prime factors of 171?
3, 19
List the prime factors of 58882.
2, 59, 499
What are the prime factors of 1274?
2, 7, 13
List the prime factors of 603.
3, 67
What are the prime factors of 717?
3, 239
What are the prime factors of 1171?
1171
List the prime factors of 12709.
71, 179
List the prime factors of 50899.
23, 2213
List the prime factors of 100506.
2, 3, 7, 2393
List the prime factors of 45235.
5, 83, 109
What are the prime factors of 121556?
2, 30389
What are the prime factors of 12425?
5, 7, 71
What are the prime factors of 1178?
2, 19, 31
What are the prime factors of 700?
2, 5, 7
List the prime factors of 4173.
3, 13, 107
What are the prime factors of 6689?
6689
List the prime factors of 9908.
2, 2477
List the prime factors of 36483.
3, 12161
List the prime factors of 85189.
13, 6553
List the prime factors of 372.
2, 3, 31
List the prime factors of 1403.
23, 61
List the prime factors of 7718.
2, 17, 227
List the prime factors of 4163.
23, 181
List the prime factors of 1272.
2, 3, 53
What are the prime factors of 56897?
56897
What are the prime factors of 1482?
2, 3, 13, 19
What are the prime factors of 8196?
2, 3, 683
What are the prime factors of 31204?
2, 29, 269
List the prime factors of 1216.
2, 19
What are the prime factors of 706?
2, 353
List the prime factors of 5192.
2, 11, 59
What are the prime factors of 4561?
4561
List the prime factors of 1762.
2, 881
What are the prime factors of 74733?
3, 29, 859
List the prime factors of 1169.
7, 167
List the prime factors of 187.
11, 17
What are the prime factors of 2720?
2, 5, 17
List the prime factors of 613.
613
What are the prime factors of 6838?
2, 13, 263
List the prime factors of 1035.
3, 5, 23
List the prime factors of 486.
2, 3
List the prime factors of 80136.
2, 3, 7, 53
What are the prime factors of 34074?
2, 3, 631
List the prime factors of 8526.
2, 3, 7, 29
List the prime factors of 5489.
11, 499
List the prime factors of 49722.
2, 3, 8287
What are the prime factors of 6938?
2, 3469
What are the prime factors of 4888?
2, 13, 47
What are the prime factors of 68?
2, 17
What are the prime factors of 2669?
17, 157
List the prime factors of 18470.
2, 5, 1847
List the prime factors of 1946.
2, 7, 139
List the prime factors of 9623.
9623
List the prime factors of 14506.
2, 7253
What are the prime factors of 10645?
5, 2129
What are the prime factors of 11342?
2, 53, 107
What are the prime factors of 1326?
2, 3, 13, 17
List the prime factors of 412.
2, 103
What are the prime factors of 2376?
2, 3, 11
List the prime factors of 16941.
3, 5647
What are the prime factors of 14402?
2, 19, 379
What are the prime factors of 1005?
3, 5, 67
List the prime factors of 8965.
5, 11, 163
What are the prime factors of 11713?
13, 17, 53
List the prime factors of 62448.
2, 3, 1301
What are the prime factors of 951?
3, 317
List t